{"id":417,"date":"2021-03-24T17:10:27","date_gmt":"2021-03-24T16:10:27","guid":{"rendered":"https:\/\/www.finomar.com.pl\/?page_id=417"},"modified":"2021-08-31T10:43:37","modified_gmt":"2021-08-31T08:43:37","slug":"klauzula-informacyjna-o-przetwarzaniu-danych","status":"publish","type":"page","link":"https:\/\/www.finomar.com.pl\/?page_id=417","title":{"rendered":"Klauzula informacyjna o przetwarzaniu danych"},"content":{"rendered":"\t\t<div data-elementor-type=\"wp-page\" data-elementor-id=\"417\" class=\"elementor elementor-417\">\n\t\t\t\t\t\t\t\t\t<section class=\"elementor-section elementor-top-section elementor-element elementor-element-2959511b elementor-section-boxed elementor-section-height-default elementor-section-height-default\" data-id=\"2959511b\" data-element_type=\"section\">\n\t\t\t\t\t\t\t<div class=\"elementor-background-overlay\"><\/div>\n\t\t\t\t\t\t\t<div class=\"elementor-container elementor-column-gap-default\">\n\t\t\t\t\t<div class=\"elementor-column elementor-col-100 elementor-top-column elementor-element elementor-element-2f16077f\" data-id=\"2f16077f\" data-element_type=\"column\" data-settings=\"{&quot;background_background&quot;:&quot;classic&quot;}\">\n\t\t\t<div class=\"elementor-widget-wrap elementor-element-populated\">\n\t\t\t\t\t\t\t\t<div class=\"elementor-element elementor-element-5ff4db98 elementor-widget elementor-widget-text-editor\" data-id=\"5ff4db98\" data-element_type=\"widget\" data-widget_type=\"text-editor.default\">\n\t\t\t\t<div class=\"elementor-widget-container\">\n\t\t\t\t\t\t\t<!-- wp:table {\"className\":\"is-style-stripes\"} -->\n<figure class=\"wp-block-table is-style-stripes\">\n<table>\n<tbody>\n<tr>\n<td><br \/>\u00a0\u00a0\u00a0\u00a0\u00a0\u00a0\u00a0 Na podstawie art. 13 ust. 1 i ust. 2 rozporz\u0105dzenia Parlamentu Europejskiego i Rady (UE) 2016\/679 z 27.4.2016 r. w sprawie ochrony os\u00f3b fizycznych w zwi\u0105zku z<br \/>\u00a0\u00a0\u00a0\u00a0 przetwarzaniem danych osobowych i w sprawie swobodnego przep\u0142ywu takich danych oraz uchylenia dyrektywy 95\/46\/WE (dalej: RODO), informuj\u0119, \u017ce:<br \/><strong>\u00a0\u00a0\u00a0\u00a0\u00a0\u00a0\u00a0\u00a0\u00a0\u00a0\u00a0\u00a0 Administrator danych:<\/strong><br \/>\u00a0\u00a0\u00a0\u00a0 Administratorem Pani\/Pana danych osobowych jest Finomar Sp\u00f3\u0142ka z o.o. z siedzib\u0105 w Szczecinie, ul. \u0141ady 2, kod pocztowy 70-966,<br \/>\u00a0\u00a0\u00a0\u00a0\u00a0\u00a0\u00a0\u00a0\u00a0\u00a0\u00a0\u00a0 e-mail: finomar@finomar.com.pl, tel. 91 4324600.<br \/><strong>\u00a0\u00a0\u00a0\u00a0\u00a0\u00a0\u00a0\u00a0\u00a0\u00a0\u00a0\u00a0 Cele przetwarzania danych osobowych oraz podstawa prawna przetwarzania:<\/strong><br \/>\u00a0\u00a0\u00a0\u00a0 Przetwarzanie Pani\/Pana danych osobowych odbywa\u0107 si\u0119 b\u0119dzie:<br \/>\u00a0\u00a0\u00a0\u00a0 w celu przedstawienia katalogu us\u0142ug na podstawie zainteresowania nasz\u0105 ofert\u0105 (podstawa z art. 6 ust 1 lit. a Rozporz\u0105dzenia Parlamentu Europejskiego i Rady (UE) <br \/>\u00a0\u00a0\u00a0\u00a0 2016\/679\/UE z 27.04.2016 r. w sprawie ochrony os\u00f3b fizycznych w zwi\u0105zku z przetwarzaniem danych osobowych i w sprawie swobodnego przep\u0142ywu takich danych<br \/>\u00a0\u00a0\u00a0\u00a0 oraz uchylenia dyrektywy 95\/46\/WE (og\u00f3lne rozporz\u0105dzenie o ochronie danych) (Dz.Urz. UE L 119, s. 1) \u2013 dalej RODO w celu realizacji\u00a0 \u0142aczacej nas umowy <br \/>\u00a0\u00a0\u00a0\u00a0 na \u015bwiadczenie us\u0142ug na podstawie zainteresowania nasz\u0105 ofert\u0105 (podstawa z art. 6 ust 1 lit. b Rozporz\u0105dzenia Parlamentu Europejskiego i Rady (UE) 2016\/679\/UE z<br \/>\u00a0\u00a0\u00a0\u00a0 27.04.2016 r. w sprawie ochrony os\u00f3b fizycznych w zwi\u0105zku z przetwarzaniem danych osobowych i w sprawie swobodnego przep\u0142ywu takich danych oraz uchylenia <br \/>\u00a0\u00a0\u00a0\u00a0 dyrektywy 95\/46\/WE (og\u00f3lne rozporz\u0105dzenie o ochronie danych) (Dz.Urz. UE L 119, s. 1) \u2013 dalej RODO<br \/>\u00a0\u00a0\u00a0\u00a0 w celach archiwalnych (dowodowych) b\u0119d\u0105cych realizacj\u0105 naszego prawnie uzasadnionego interesu zabezpieczenia informacji na wypadek prawnej potrzeby<br \/>\u00a0\u00a0\u00a0\u00a0 wykazania fakt\u00f3w (art. 6 ust. 1 lit. f RODO);<br \/>\u00a0\u00a0\u00a0\u00a0 w celu ewentualnego ustalenia, dochodzenia lub obrony przed roszczeniami b\u0119d\u0105cego realizacj\u0105 naszego prawnie uzasadnionego interesu <br \/>\u00a0\u00a0\u00a0\u00a0 (podstawa z art. 6 ust. 1 lit. f RODO);<br \/>\u00a0\u00a0\u00a0\u00a0 w celu badania satysfakcji klient\u00f3w b\u0119d\u0105cego realizacj\u0105 naszego prawnie uzasadnionego interesu okre\u015blania jako\u015bci naszej obs\u0142ugi oraz poziomu zadowolenia <br \/>\u00a0\u00a0\u00a0\u00a0 naszych klient\u00f3w z produkt\u00f3w i us\u0142ug (podstawa z art. 6 ust. 1 lit. f RODO);<br \/><strong>\u00a0\u00a0\u00a0\u00a0\u00a0\u00a0\u00a0\u00a0\u00a0\u00a0\u00a0 Okres przechowywania danych osobowych:<\/strong><br \/>\u00a0\u00a0\u00a0\u00a0 Dane osobowe wynikaj\u0105ce z zawarcia umowy b\u0119d\u0105 przetwarzane przez okres, w kt\u00f3rym mog\u0105 ujawni\u0107 si\u0119 roszczenia zwi\u0105zane z t\u0105 umow\u0105, czyli przez 10 lat<br \/>\u00a0\u00a0\u00a0\u00a0 od ko\u0144ca roku, w kt\u00f3rym wygas\u0142a umowa, w tym 3 lata to najd\u0142u\u017cszy mo\u017cliwy okres przedawnienia roszcze\u0144, dodatkowy rok jest na wypadek roszcze\u0144 zg\u0142oszonych <br \/>\u00a0\u00a0\u00a0\u00a0 w ostatniej chwili i problem\u00f3w z dor\u0119czeniem, a liczenie od ko\u0144ca roku s\u0142u\u017cy okre\u015bleniu jednej daty usuni\u0119cia danych dla um\u00f3w ko\u0144cz\u0105cych si\u0119 w danym roku.<br \/>\u00a0\u00a0\u00a0\u00a0 Je\u017celi nie dojdzie do zawarcia umowy w przeci\u0105gu 6 m-cy od z\u0142o\u017cenia Pani\/Panu przez nas oferty, dane osobowe zwi\u0105zane z rozmowami o tej umowie zostan\u0105 <br \/>\u00a0\u00a0\u00a0\u00a0\u00a0 niezw\u0142ocznie usuni\u0119te z wyj\u0105tkiem danych potrzebnych do marketingu bezpo\u015bredniego o ile zosta\u0142a wyra\u017cona zgoda na przetwarzanie danych w tym celu.<br \/>\u00a0\u00a0\u00a0\u00a0\u00a0 Dane przetwarzane dla potrzeb marketingu bezpo\u015bredniego naszych produkt\u00f3w i us\u0142ug b\u0119d\u0105 przetwarzane do czasu, a\u017c zostanie zg\u0142oszony sprzeciw wzgl\u0119dem <br \/>\u00a0\u00a0\u00a0\u00a0\u00a0 ich przetwarzania.<br \/><strong>\u00a0\u00a0\u00a0\u00a0\u00a0\u00a0\u00a0\u00a0\u00a0\u00a0 Prawo dost\u0119pu do danych osobowych:<\/strong><br \/>\u00a0\u00a0\u00a0\u00a0 Posiada Pani\/Pan prawo dost\u0119pu do tre\u015bci swoich danych osobowych, prawo do ich sprostowania, usuni\u0119cia oraz prawo do ograniczenia ich przetwarzania. <br \/>\u00a0\u00a0\u00a0\u00a0 Ponadto tak\u017ce prawo do cofni\u0119cia zgody w dowolnym momencie bez wp\u0142ywu na zgodno\u015b\u0107 z prawem przetwarzania, prawo do przenoszenia danych oraz prawo<br \/>\u00a0\u00a0\u00a0\u00a0 do wniesienia sprzeciwu wobec przetwarzania Pani\/Pana danych osobowych.<br \/><strong>\u00a0\u00a0\u00a0\u00a0\u00a0\u00a0\u00a0\u00a0\u00a0 Prawo wniesienia skargi do organu nadzorczego:<\/strong><br \/>\u00a0\u00a0\u00a0\u00a0\u00a0 Przys\u0142uguje Pani\/Panu prawo wniesienia skargi do Generalnego Inspektora Ochrony Danych Osobowych (Prezesa Urz\u0119du Ochrony Danych Osobowych,)<br \/>\u00a0\u00a0\u00a0\u00a0\u00a0 gdy uzna Pani\/Pan, i\u017c przetwarzanie danych osobowych Pani\/Pana dotycz\u0105cych narusza przepisy RODO.<br \/><strong>\u00a0\u00a0\u00a0\u00a0\u00a0\u00a0\u00a0\u00a0\u00a0 Konsekwencje niepodania danych osobowych:<\/strong><br \/>\u00a0\u00a0\u00a0\u00a0\u00a0 Podanie przez Pani\u0105\/Pana danych osobowych jest warunkiem zawarcia umowy, a ich niepodanie b\u0119dzie skutkowa\u0142o brakiem mo\u017cliwo\u015bci zawarcia umowy<br \/>\u00a0\u00a0\u00a0\u00a0\u00a0 wsp\u00f3\u0142pracy.<br \/><strong>\u00a0\u00a0\u00a0\u00a0\u00a0\u00a0\u00a0\u00a0\u00a0 Odbiorcy danych:<\/strong><br \/>\u00a0\u00a0\u00a0\u00a0\u00a0 Dane osobowe mog\u0105 zosta\u0107 ujawnione innym podmiotom; naszym partnerom, czyli firmom, z kt\u00f3rymi wsp\u00f3\u0142pracujemy \u0142\u0105cz\u0105c produkty lub us\u0142ugi.<br \/>\u00a0\u00a0\u00a0\u00a0\u00a0 Do danych mog\u0105 te\u017c mie\u0107 dost\u0119p nasi podwykonawcy (podmioty przetwarzaj\u0105ce), np. firmy ksi\u0119gowe, prawnicze, informatyczne, likwidatorzy szk\u00f3d,<br \/>\u00a0\u00a0\u00a0\u00a0\u00a0 wykonawcy us\u0142ug w ramach likwidacji szk\u00f3d.<br \/><strong>\u00a0\u00a0\u00a0\u00a0\u00a0\u00a0\u00a0\u00a0\u00a0\u00a0 Przekazanie danych do pa\u0144stwa trzeciego\/organizacji mi\u0119dzynarodowej:<\/strong><br \/>\u00a0\u00a0\u00a0\u00a0\u00a0 Pani\/Pana dane osobowe nie bed\u0105 przekazywane do pa\u0144stwa trzeciego\/organizacji mi\u0119dzynarodowej.<br \/><strong>\u00a0\u00a0\u00a0\u00a0\u00a0\u00a0\u00a0\u00a0\u00a0\u00a0 Zautomatyzowane podejmowanie decyzji, profilowanie:<\/strong><br \/>\u00a0\u00a0\u00a0\u00a0\u00a0 Pani\/Pana dane osobowe nie b\u0119d\u0105 przetwarzane w spos\u00f3b zautomatyzowany i nie b\u0119d\u0105 profilowane.<br \/><br \/><\/td>\n<\/tr>\n<\/tbody>\n<\/table>\n<\/figure>\n<!-- \/wp:table --><!-- wp:columns -->\n<div class=\"wp-block-columns\"><!-- wp:column {\"width\":\"25%\"} -->\n<div class=\"wp-block-column\" style=\"flex-basis: 25%;\">\u00a0<\/div>\n<!-- \/wp:column --><!-- wp:column {\"width\":\"50%\"} -->\n<div class=\"wp-block-column\" style=\"flex-basis: 50%;\">\u00a0<\/div>\n<!-- \/wp:column --><!-- wp:column {\"width\":\"25%\"} -->\n<div class=\"wp-block-column\" style=\"flex-basis: 25%;\">\u00a0<\/div>\n<!-- \/wp:column --><\/div>\n<!-- \/wp:columns -->\t\t\t\t\t\t<\/div>\n\t\t\t\t<\/div>\n\t\t\t\t\t<\/div>\n\t\t<\/div>\n\t\t\t\t\t\t\t<\/div>\n\t\t<\/section>\n\t\t\t\t\t\t\t<\/div>\n\t\t","protected":false},"excerpt":{"rendered":"<p>\u00a0\u00a0\u00a0\u00a0\u00a0\u00a0\u00a0 Na podstawie art. 13 ust. 1 i ust. 2 rozporz\u0105dzenia Parlamentu Europejskiego i Rady (UE) 2016\/679 z 27.4.2016 r. w sprawie ochrony os\u00f3b fizycznych w zwi\u0105zku z\u00a0\u00a0\u00a0\u00a0 przetwarzaniem danych osobowych i w sprawie swobodnego przep\u0142ywu takich danych oraz uchylenia dyrektywy 95\/46\/WE (dalej: RODO), informuj\u0119, \u017ce:\u00a0\u00a0\u00a0\u00a0\u00a0\u00a0\u00a0\u00a0\u00a0\u00a0\u00a0\u00a0 Administrator danych:\u00a0\u00a0\u00a0\u00a0 Administratorem Pani\/Pana danych osobowych jest Finomar Sp\u00f3\u0142kaContinue reading &rarr;<\/p>\n","protected":false},"author":1,"featured_media":0,"parent":17,"menu_order":0,"comment_status":"closed","ping_status":"closed","template":"","meta":{"footnotes":""},"class_list":["post-417","page","type-page","status-publish","hentry","no-thumb"],"_links":{"self":[{"href":"https:\/\/www.finomar.com.pl\/index.php?rest_route=\/wp\/v2\/pages\/417","targetHints":{"allow":["GET"]}}],"collection":[{"href":"https:\/\/www.finomar.com.pl\/index.php?rest_route=\/wp\/v2\/pages"}],"about":[{"href":"https:\/\/www.finomar.com.pl\/index.php?rest_route=\/wp\/v2\/types\/page"}],"author":[{"embeddable":true,"href":"https:\/\/www.finomar.com.pl\/index.php?rest_route=\/wp\/v2\/users\/1"}],"replies":[{"embeddable":true,"href":"https:\/\/www.finomar.com.pl\/index.php?rest_route=%2Fwp%2Fv2%2Fcomments&post=417"}],"version-history":[{"count":35,"href":"https:\/\/www.finomar.com.pl\/index.php?rest_route=\/wp\/v2\/pages\/417\/revisions"}],"predecessor-version":[{"id":4348,"href":"https:\/\/www.finomar.com.pl\/index.php?rest_route=\/wp\/v2\/pages\/417\/revisions\/4348"}],"up":[{"embeddable":true,"href":"https:\/\/www.finomar.com.pl\/index.php?rest_route=\/wp\/v2\/pages\/17"}],"wp:attachment":[{"href":"https:\/\/www.finomar.com.pl\/index.php?rest_route=%2Fwp%2Fv2%2Fmedia&parent=417"}],"curies":[{"name":"wp","href":"https:\/\/api.w.org\/{rel}","templated":true}]}}